{"id":2306,"date":"2024-07-29T14:49:06","date_gmt":"2024-07-29T09:19:06","guid":{"rendered":"https:\/\/olyve.tanshcreative.com\/?page_id=9"},"modified":"2025-11-30T01:15:10","modified_gmt":"2025-11-30T01:15:10","slug":"home","status":"publish","type":"page","link":"https:\/\/v-investpartner.pl\/","title":{"rendered":"Home"},"content":{"rendered":"\t\t<div data-elementor-type=\"wp-page\" data-elementor-id=\"2306\" class=\"elementor elementor-2306\">\n\t\t\t\t<div class=\"elementor-element elementor-element-7b45631 e-grid e-con-boxed e-con e-parent\" data-id=\"7b45631\" data-element_type=\"container\">\n\t\t\t\t\t<div class=\"e-con-inner\">\n\t\t<div class=\"elementor-element elementor-element-8331b54 e-con-full e-flex e-con e-child\" data-id=\"8331b54\" data-element_type=\"container\">\n\t\t\t\t<div class=\"elementor-element elementor-element-d5d0f49 elementor-widget elementor-widget-dtr-iconhead\" data-id=\"d5d0f49\" data-element_type=\"widget\" data-widget_type=\"dtr-iconhead.default\">\n\t\t\t\t<div class=\"elementor-widget-container\">\n\t\t\t\t\t        <div class=\"dtr-iconhead dtr-iconhead--align-left dtr-iconhead--style-default  dtr-radius--round\">\r\n        <div class=\"dtr-icon dtr-iconhead__icon\">\r\n                   \r\n            <\/div>\r\n                        \t<p class=\"dtr-iconhead__heading\">ZARZ\u0104DZANIE NIERUCHOMO\u015aCIAMI \n<\/p>\r\n                        <\/div>\r\n\t\t\t\t<\/div>\n\t\t\t\t<\/div>\n\t\t\t\t<div class=\"elementor-element elementor-element-b7d5260 elementor-tablet-align-center elementor-align-left elementor-widget elementor-widget-dtr-theme-heading\" data-id=\"b7d5260\" data-element_type=\"widget\" data-widget_type=\"dtr-theme-heading.default\">\n\t\t\t\t<div class=\"elementor-widget-container\">\n\t\t\t\t\t            <h1 class=\"dtr-heading dtr-heading__gradient dtr-text--color-three\">Zacznij zarabia\u0107 i odzyskaj wewn\u0119trzny spok\u00f3j.<\/h1>\r\n    \t\t\t\t<\/div>\n\t\t\t\t<\/div>\n\t\t\t\t<div class=\"elementor-element elementor-element-9ee983e elementor-widget elementor-widget-text-editor\" data-id=\"9ee983e\" data-element_type=\"widget\" data-widget_type=\"text-editor.default\">\n\t\t\t\t\t\t\t\t\t<p data-start=\"245\" data-end=\"498\">Je\u015bli masz dom, a rachunki zaczynaj\u0105 Ci\u0119 przyt\u0142acza\u0107 \u2013 zadzwo\u0144 do nas.<br data-start=\"368\" data-end=\"371\" \/>Pomo\u017cemy Ci w wynaj\u0119ciu Twojej nieruchomo\u015bci, <strong data-start=\"417\" data-end=\"441\">niezale\u017cnie od stanu<\/strong> \u2013 czy wymaga od\u015bwie\u017cenia, czy nawet generalnego remontu.<\/p><p data-start=\"500\" data-end=\"649\">W razie potrzeby pomo\u017cemy Ci r\u00f3wnie\u017c <strong data-start=\"537\" data-end=\"569\">znale\u017a\u0107 mieszkanie w okolicy<\/strong>, kt\u00f3re spe\u0142ni Twoje kryteria i pozwoli Ci spokojnie zamieszka\u0107 w nowym miejscu.<\/p><p data-start=\"651\" data-end=\"748\">Zapewniamy <strong data-start=\"662\" data-end=\"706\">pe\u0142n\u0105 pomoc we wszystkich formalno\u015bciach<\/strong>, a tak\u017ce wsparcie <strong data-start=\"725\" data-end=\"747\">przy przeprowadzce<\/strong>.<\/p>\t\t\t\t\t\t\t\t<\/div>\n\t\t<div class=\"elementor-element elementor-element-d4420fe e-con-full e-flex e-con e-child\" data-id=\"d4420fe\" data-element_type=\"container\">\n\t\t\t\t<div class=\"elementor-element elementor-element-4b5c737 elementor-widget__width-auto elementor-align-left elementor-widget elementor-widget-dtr-button\" data-id=\"4b5c737\" data-element_type=\"widget\" data-widget_type=\"dtr-button.default\">\n\t\t\t\t<div class=\"elementor-widget-container\">\n\t\t\t\t\t       \t<a class=\"dtr-btn    dtr-btn--round\" href=\"tel:\u202d+48%20533%20543%20129\u202c\" role=\"button\">\r\n\t\t            <span class=\"dtr-btn__text\">ZADZWO\u0143<\/span>\r\n                        <\/a>\r\n\t\t\t\t\t<\/div>\n\t\t\t\t<\/div>\n\t\t\t\t<div class=\"elementor-element elementor-element-a5daa23 elementor-widget__width-auto elementor-align-left elementor-widget elementor-widget-dtr-button\" data-id=\"a5daa23\" data-element_type=\"widget\" data-widget_type=\"dtr-button.default\">\n\t\t\t\t<div class=\"elementor-widget-container\">\n\t\t\t\t\t       \t<a class=\"dtr-btn dtr-btn--trans  dtr-btn--icon-position-left dtr-btn--round\" href=\"mailto:a.suchodolski@v-investpartner.pl\" role=\"button\">\r\n\t\t            <span class=\"dtr-btn__text\">a.suchodolski@v-investpartner.pl<\/span>\r\n                \t\t\t                <span class=\"dtr-icon dtr-btn__icon\"><i class=\"icon-envelope\" aria-hidden=\"true\"><\/i><\/span>\r\n                            <\/a>\r\n\t\t\t\t\t<\/div>\n\t\t\t\t<\/div>\n\t\t\t\t<\/div>\n\t\t\t\t<\/div>\n\t\t<div class=\"elementor-element elementor-element-8c0112e e-con-full e-flex e-con e-child\" data-id=\"8c0112e\" data-element_type=\"container\">\n\t\t\t\t<div class=\"elementor-element elementor-element-6c5d9ed elementor-widget elementor-widget-dtr-about\" data-id=\"6c5d9ed\" data-element_type=\"widget\" data-widget_type=\"dtr-about.default\">\n\t\t\t\t<div class=\"elementor-widget-container\">\n\t\t\t\t\t<div class=\"dtr-about\">\r\n        <div class=\"dtr-about__img\"> \t\t\r\n                <img decoding=\"async\" src=\"https:\/\/v-investpartner.pl\/wp-content\/uploads\/elementor\/thumbs\/fav-rfg014vvj4cmiha7tnvbu0wjr29x26z9cjp8wa4adk.webp\" title=\"fav\" alt=\"fav\" loading=\"lazy\" \/> \r\n                <div class=\"dtr-about-title__left dtr-aboutCursorLeft\">\r\n            <div class=\"dtr-about-title\">\r\n                <p>Wieloletnie do\u015bwiadczenie<\/p>\r\n            <\/div>\r\n        <\/div>\r\n                  \r\n        <div class=\"dtr-about-title__right dtr-aboutCursorRight\">\r\n            <div class=\"dtr-about-title\">\r\n                <p>Profesjonalny doradca<\/p>\r\n            <\/div>\r\n        <\/div>\r\n            <\/div>\r\n    <\/div>\r\n\t\t\t\t<\/div>\n\t\t\t\t<\/div>\n\t\t\t\t<\/div>\n\t\t\t\t\t<\/div>\n\t\t\t\t<\/div>\n\t\t<div class=\"elementor-element elementor-element-24f7ebf e-flex e-con-boxed e-con e-parent\" data-id=\"24f7ebf\" data-element_type=\"container\" id=\"testimonials\">\n\t\t\t\t\t<div class=\"e-con-inner\">\n\t\t<div class=\"elementor-element elementor-element-df3fa81 e-con-full e-flex e-con e-child\" data-id=\"df3fa81\" data-element_type=\"container\">\n\t\t\t\t<div class=\"elementor-element elementor-element-0300a7b elementor-tablet-align-center elementor-align-left elementor-widget elementor-widget-dtr-theme-heading\" data-id=\"0300a7b\" data-element_type=\"widget\" data-widget_type=\"dtr-theme-heading.default\">\n\t\t\t\t<div class=\"elementor-widget-container\">\n\t\t\t\t\t            <h2 class=\"dtr-heading dtr-heading__gradient dtr-text--color-three\">Opinie klient\u00f3w<\/h2>\r\n    \t\t\t\t<\/div>\n\t\t\t\t<\/div>\n\t\t\t\t<\/div>\n\t\t<div class=\"elementor-element elementor-element-dccc327 e-con-full e-flex e-con e-child\" data-id=\"dccc327\" data-element_type=\"container\">\n\t\t\t\t<div class=\"elementor-element elementor-element-4a75854 elementor-widget elementor-widget-dtr-testimonial-carousel\" data-id=\"4a75854\" data-element_type=\"widget\" data-widget_type=\"dtr-testimonial-carousel.default\">\n\t\t\t\t<div class=\"elementor-widget-container\">\n\t\t\t\t\t<div class=\"swiper dtr-swiper swiper-container dtr-testimonial-carousel dtr-testimonial--2col dtr-slider-has-dots clearfix\"><div class=\"swiper-wrapper\"><div class=\"swiper-slide clearfix\"><div class=\"dtr-testimonial\"><div class=\"dtr-testimonial__client-info-wrapper\"><div class=\"dtr-testimonial__client-info\"><h5 class=\"dtr-testimonial__client-name\">Pan Tomasz<\/h5><p class=\"dtr-testimonial__client-job\">Gdynia<\/p><\/div><div class=\"dtr-testimonial__client-img-wrapper\"><img decoding=\"async\" class=\"dtr-testimonial__client-img\" src=\"https:\/\/v-investpartner.pl\/wp-content\/uploads\/2024\/08\/testm-user3-100x100-1-70x70.jpg\" alt=\"Pan Tomasz\"\/><\/div><\/div><div class=\"dtr-testimonial__content\"><span class=\"dtr-testimonial__icon\"><\/span><div class=\"dtr-testimonial__text\"><p>\u201eRachunki mnie przyt\u0142acza\u0142y, a dom sta\u0142 pusty.<br data-start=\"664\" data-end=\"667\" \/>Po konsultacji ustalili\u015bmy plan \u2013 bez \u017cadnych koszt\u00f3w.<br data-start=\"721\" data-end=\"724\" \/>Dzi\u015b nieruchomo\u015b\u0107 zarabia, a ja mam \u015bwi\u0119ty spok\u00f3j.\u201d<\/p>\n<\/div><\/div><\/div><\/div><div class=\"swiper-slide clearfix\"><div class=\"dtr-testimonial\"><div class=\"dtr-testimonial__client-info-wrapper\"><div class=\"dtr-testimonial__client-info\"><h5 class=\"dtr-testimonial__client-name\">Pani Anna<\/h5><p class=\"dtr-testimonial__client-job\">Chwaszczyno<\/p><\/div><div class=\"dtr-testimonial__client-img-wrapper\"><img decoding=\"async\" class=\"dtr-testimonial__client-img\" src=\"https:\/\/v-investpartner.pl\/wp-content\/uploads\/2024\/08\/testm-user2-100x100-1-70x70.jpg\" alt=\"Pani Anna\"\/><\/div><\/div><div class=\"dtr-testimonial__content\"><span class=\"dtr-testimonial__icon\"><\/span><div class=\"dtr-testimonial__text\"><p>\u201eSuper kontakt i pe\u0142ne zaanga\u017cowanie.<br data-start=\"460\" data-end=\"463\" \/>Nie musia\u0142am zajmowa\u0107 si\u0119 formalno\u015bciami ani szuka\u0107 najemc\u00f3w.<br data-start=\"524\" data-end=\"527\" \/>Zdecydowanie polecam, bo wszystko zrobili za mnie.\u201d<\/p>\n<\/div><\/div><\/div><\/div><div class=\"swiper-slide clearfix\"><div class=\"dtr-testimonial\"><div class=\"dtr-testimonial__client-info-wrapper\"><div class=\"dtr-testimonial__client-info\"><h5 class=\"dtr-testimonial__client-name\">Pan Marek<\/h5><p class=\"dtr-testimonial__client-job\">Gda\u0144sk<\/p><\/div><div class=\"dtr-testimonial__client-img-wrapper\"><img decoding=\"async\" class=\"dtr-testimonial__client-img\" src=\"https:\/\/v-investpartner.pl\/wp-content\/uploads\/2024\/08\/testm-user1-100x100-1-70x70.jpg\" alt=\"Pan Marek\"\/><\/div><\/div><div class=\"dtr-testimonial__content\"><span class=\"dtr-testimonial__icon\"><\/span><div class=\"dtr-testimonial__text\"><p>\u201eMy\u015bla\u0142em, \u017ce mojego domu nikt nie wynajmie, bo by\u0142 do od\u015bwie\u017cenia.<br data-start=\"269\" data-end=\"272\" \/>Um\u00f3wi\u0142em spotkanie \u2013 nic mnie to nie kosztowa\u0142o, a po tygodniu mia\u0142em najemc\u0119.<br data-start=\"350\" data-end=\"353\" \/>W ko\u0144cu mam spok\u00f3j i sta\u0142y doch\u00f3d.\u201d<\/p>\n<\/div><\/div><\/div><\/div><\/div><div class=\"dtr-testimonial__nav-wrapper\"><div class=\"swiper-pagination dtr-testimonial__dots\"><\/div><\/div><\/div>\t\t\t\t<\/div>\n\t\t\t\t<\/div>\n\t\t\t\t<\/div>\n\t\t\t\t\t<\/div>\n\t\t\t\t<\/div>\n\t\t<div class=\"elementor-element elementor-element-addedd1 e-con-full e-flex e-con e-parent\" data-id=\"addedd1\" data-element_type=\"container\" data-settings=\"{&quot;background_background&quot;:&quot;classic&quot;}\">\n\t\t\t\t<div class=\"elementor-element elementor-element-9a07070 elementor-widget elementor-widget-dtr-marquee\" data-id=\"9a07070\" data-element_type=\"widget\" data-widget_type=\"dtr-marquee.default\">\n\t\t\t\t<div class=\"elementor-widget-container\">\n\t\t\t\t\t        <div class=\"dtr-marquee-wrapper\">  \r\n            <div class=\"dtr-marquee \">\r\n                                <div class=\"dtr-marquee__text\" >Zapraszamy do wsp\u00f3\u0142pracy<span class=\"dtr-marquee__icon dtr-icon\">\r\n                                         <i class=\"icon-award\" aria-hidden=\"true\"><\/i>\r\n                                <\/span><\/div>\r\n                                <div class=\"dtr-marquee__text\" >Zapraszamy do wsp\u00f3\u0142pracy<span class=\"dtr-marquee__icon dtr-icon\">\r\n                                         <i class=\"icon-award\" aria-hidden=\"true\"><\/i>\r\n                                <\/span><\/div>\r\n                                <div class=\"dtr-marquee__text\" >Zapraszamy do wsp\u00f3\u0142pracy<span class=\"dtr-marquee__icon dtr-icon\">\r\n                                         <i class=\"icon-award\" aria-hidden=\"true\"><\/i>\r\n                                <\/span><\/div>\r\n                                <div class=\"dtr-marquee__text\" >Zapraszamy do wsp\u00f3\u0142pracy<span class=\"dtr-marquee__icon dtr-icon\">\r\n                                         <i class=\"icon-award\" aria-hidden=\"true\"><\/i>\r\n                                <\/span><\/div>\r\n                                <div class=\"dtr-marquee__text\" >Zapraszamy do wsp\u00f3\u0142pracy<span class=\"dtr-marquee__icon dtr-icon\">\r\n                                         <i class=\"icon-award\" aria-hidden=\"true\"><\/i>\r\n                                <\/span><\/div>\r\n                                <div class=\"dtr-marquee__text\" >Zapraszamy do wsp\u00f3\u0142pracy<span class=\"dtr-marquee__icon dtr-icon\">\r\n                                         <i class=\"icon-award\" aria-hidden=\"true\"><\/i>\r\n                                <\/span><\/div>\r\n                                <div class=\"dtr-marquee__text\" >Zapraszamy do wsp\u00f3\u0142pracy<span class=\"dtr-marquee__icon dtr-icon\">\r\n                                         <i class=\"icon-award\" aria-hidden=\"true\"><\/i>\r\n                                <\/span><\/div>\r\n                                <div class=\"dtr-marquee__text\" >Zapraszamy do wsp\u00f3\u0142pracy<span class=\"dtr-marquee__icon dtr-icon\">\r\n                                         <i class=\"icon-award\" aria-hidden=\"true\"><\/i>\r\n                                <\/span><\/div>\r\n                            <\/div>\r\n        <\/div>\r\n\t\t\t\t\t<\/div>\n\t\t\t\t<\/div>\n\t\t\t\t<\/div>\n\t\t<div class=\"elementor-element elementor-element-33720f9 e-grid e-con-boxed e-con e-parent\" data-id=\"33720f9\" data-element_type=\"container\" id=\"kontakt\" data-settings=\"{&quot;background_background&quot;:&quot;classic&quot;}\">\n\t\t\t\t\t<div class=\"e-con-inner\">\n\t\t<div class=\"elementor-element elementor-element-6885cbc e-con-full e-flex e-con e-child\" data-id=\"6885cbc\" data-element_type=\"container\">\n\t\t\t\t<div class=\"elementor-element elementor-element-e5fdaaa elementor-align-left elementor-widget elementor-widget-dtr-theme-heading\" data-id=\"e5fdaaa\" data-element_type=\"widget\" data-widget_type=\"dtr-theme-heading.default\">\n\t\t\t\t<div class=\"elementor-widget-container\">\n\t\t\t\t\t            <h2 class=\"dtr-heading dtr-heading__gradient dtr-text--color-three\">Um\u00f3w si\u0119 \u2013 nic Ci\u0119 to nie kosztuje.\nSprawd\u017a, jakie masz mo\u017cliwo\u015bci.\nSpotkanie do niczego nie zobowi\u0105zuje.<\/h2>\r\n    \t\t\t\t<\/div>\n\t\t\t\t<\/div>\n\t\t\t\t<div class=\"elementor-element elementor-element-b79cb70 elementor-widget elementor-widget-text-editor\" data-id=\"b79cb70\" data-element_type=\"widget\" data-widget_type=\"text-editor.default\">\n\t\t\t\t\t\t\t\t\t<p>Zapewniamy <strong data-start=\"662\" data-end=\"706\">pe\u0142n\u0105 pomoc we wszystkich formalno\u015bciach<\/strong>, a tak\u017ce wsparcie <strong data-start=\"725\" data-end=\"747\">przy przeprowadzce<\/strong>.<\/p>\t\t\t\t\t\t\t\t<\/div>\n\t\t\t\t<div class=\"elementor-element elementor-element-e2c8947 elementor-widget elementor-widget-dtr-feature\" data-id=\"e2c8947\" data-element_type=\"widget\" data-widget_type=\"dtr-feature.default\">\n\t\t\t\t<div class=\"elementor-widget-container\">\n\t\t\t\t\t        <div class=\"dtr-feature  dtr-feature--style-rounded dtr-feature--icon-vert-align-center dtr-feature--text-left dtr-feature--icon-align-left dtr-feature--size-small \">\r\n            <div class=\"dtr-icon dtr-feature__icon\">\r\n                                 <i class=\"icon-telephone\" aria-hidden=\"true\"><\/i>\r\n                   \r\n            <\/div>\r\n                     <div class=\"dtr-feature__content\">\r\n                          <p class=\"dtr-feature__subtext\">Telefon<\/p>\r\n                                       <h4 class=\"dtr-feature__heading\">+48 533 543 129\u202c<\/h4>\r\n                                                    <\/div>\r\n                <\/div>\r\n\t\t\t\t<\/div>\n\t\t\t\t<\/div>\n\t\t\t\t<div class=\"elementor-element elementor-element-53c50aa elementor-widget elementor-widget-dtr-feature\" data-id=\"53c50aa\" data-element_type=\"widget\" data-widget_type=\"dtr-feature.default\">\n\t\t\t\t<div class=\"elementor-widget-container\">\n\t\t\t\t\t        <div class=\"dtr-feature  dtr-feature--style-rounded dtr-feature--icon-vert-align-center dtr-feature--text-left dtr-feature--icon-align-left dtr-feature--size-small \">\r\n            <div class=\"dtr-icon dtr-feature__icon\">\r\n                                 <i class=\"icon-envelope\" aria-hidden=\"true\"><\/i>\r\n                   \r\n            <\/div>\r\n                     <div class=\"dtr-feature__content\">\r\n                          <p class=\"dtr-feature__subtext\">Email<\/p>\r\n                                       <h4 class=\"dtr-feature__heading\">a.suchodolski@v-investpartner.pl<\/h4>\r\n                                                    <\/div>\r\n                <\/div>\r\n\t\t\t\t<\/div>\n\t\t\t\t<\/div>\n\t\t\t\t<div class=\"elementor-element elementor-element-5c1d705 elementor-widget elementor-widget-dtr-feature\" data-id=\"5c1d705\" data-element_type=\"widget\" data-widget_type=\"dtr-feature.default\">\n\t\t\t\t<div class=\"elementor-widget-container\">\n\t\t\t\t\t        <div class=\"dtr-feature  dtr-feature--style-rounded dtr-feature--icon-vert-align-top dtr-feature--text-left dtr-feature--icon-align-left dtr-feature--size-small \">\r\n            <div class=\"dtr-icon dtr-feature__icon\">\r\n                                 <i class=\"icon-geo-alt\" aria-hidden=\"true\"><\/i>\r\n                   \r\n            <\/div>\r\n                     <div class=\"dtr-feature__content\">\r\n                          <p class=\"dtr-feature__subtext\">Dane firmy<\/p>\r\n                                       <h4 class=\"dtr-feature__heading\">V-invest partner Sp. z o.o<br>\n80-209 Chwaszczyno <br>ul. \u0141\u0105kowa 4<br>\nREGON 541236650<br>NIP 5892100095<\/h4>\r\n                                                    <\/div>\r\n                <\/div>\r\n\t\t\t\t<\/div>\n\t\t\t\t<\/div>\n\t\t\t\t<\/div>\n\t\t<div class=\"elementor-element elementor-element-92a9a39 e-con-full e-flex e-con e-child\" data-id=\"92a9a39\" data-element_type=\"container\" data-settings=\"{&quot;background_background&quot;:&quot;classic&quot;}\">\n\t\t\t\t<div class=\"elementor-element elementor-element-ccb3ca3 elementor-widget elementor-widget-shortcode\" data-id=\"ccb3ca3\" data-element_type=\"widget\" data-widget_type=\"shortcode.default\">\n\t\t\t\t\t\t\t<div class=\"elementor-shortcode\">\n<div class=\"wpcf7 no-js\" id=\"wpcf7-f2221-o1\" lang=\"en-US\" dir=\"ltr\" data-wpcf7-id=\"2221\">\n<div class=\"screen-reader-response\"><p role=\"status\" aria-live=\"polite\" aria-atomic=\"true\"><\/p> <ul><\/ul><\/div>\n<form action=\"\/index.php\/wp-json\/wp\/v2\/pages\/2306#wpcf7-f2221-o1\" method=\"post\" class=\"wpcf7-form init\" aria-label=\"Contact form\" novalidate=\"novalidate\" data-status=\"init\">\n<fieldset class=\"hidden-fields-container\"><input type=\"hidden\" name=\"_wpcf7\" value=\"2221\" \/><input type=\"hidden\" name=\"_wpcf7_version\" value=\"6.1.3\" \/><input type=\"hidden\" name=\"_wpcf7_locale\" value=\"en_US\" \/><input type=\"hidden\" name=\"_wpcf7_unit_tag\" value=\"wpcf7-f2221-o1\" \/><input type=\"hidden\" name=\"_wpcf7_container_post\" value=\"0\" \/><input type=\"hidden\" name=\"_wpcf7_posted_data_hash\" value=\"\" \/><input type=\"hidden\" name=\"_wpcf7_recaptcha_response\" value=\"\" \/>\n<\/fieldset>\n<div>\n\t<p><label> <span class=\"wpcf7-form-control-wrap\" data-name=\"your-name\"><input size=\"40\" maxlength=\"400\" class=\"wpcf7-form-control wpcf7-text wpcf7-validates-as-required\" aria-required=\"true\" aria-invalid=\"false\" placeholder=\"Imi\u0119\" value=\"\" type=\"text\" name=\"your-name\" \/><\/span> <\/label><br \/>\n<label> <span class=\"wpcf7-form-control-wrap\" data-name=\"your-email\"><input size=\"40\" maxlength=\"400\" class=\"wpcf7-form-control wpcf7-email wpcf7-validates-as-required wpcf7-text wpcf7-validates-as-email\" aria-required=\"true\" aria-invalid=\"false\" placeholder=\"Adres email\" value=\"\" type=\"email\" name=\"your-email\" \/><\/span> <\/label><br \/>\n<label> <span class=\"wpcf7-form-control-wrap\" data-name=\"your-subject\"><input size=\"40\" maxlength=\"400\" class=\"wpcf7-form-control wpcf7-text wpcf7-validates-as-required\" aria-required=\"true\" aria-invalid=\"false\" placeholder=\"Temat\" value=\"\" type=\"text\" name=\"your-subject\" \/><\/span> <\/label><br \/>\n<label> <span class=\"wpcf7-form-control-wrap\" data-name=\"your-message\"><textarea cols=\"10\" rows=\"5\" maxlength=\"2000\" class=\"wpcf7-form-control wpcf7-textarea\" aria-invalid=\"false\" placeholder=\"Wiadomo\u015b\u0107\" name=\"your-message\"><\/textarea><\/span> <\/label><br \/>\n<span class=\"spacer-20\"><\/span>\n\t<\/p>\n\t<p><button type=\"submit\" class=\"dtr-btn\" aria-label=\"Send Button\">Wy\u015blij<\/button>\n\t<\/p>\n<\/div><div class=\"wpcf7-response-output\" aria-hidden=\"true\"><\/div>\n<\/form>\n<\/div>\n<\/div>\n\t\t\t\t\t\t<\/div>\n\t\t\t\t<\/div>\n\t\t\t\t\t<\/div>\n\t\t\t\t<\/div>\n\t\t\t\t<\/div>\n\t\t","protected":false},"excerpt":{"rendered":"<p>ZARZ\u0104DZANIE NIERUCHOMO\u015aCIAMI Zacznij zarabia\u0107 i odzyskaj wewn\u0119trzny spok\u00f3j. Je\u015bli masz dom, a rachunki zaczynaj\u0105 Ci\u0119 przyt\u0142acza\u0107 \u2013 zadzwo\u0144 do nas.Pomo\u017cemy Ci w wynaj\u0119ciu Twojej nieruchomo\u015bci, niezale\u017cnie od stanu \u2013 czy wymaga od\u015bwie\u017cenia, czy nawet generalnego remontu. W razie potrzeby pomo\u017cemy Ci r\u00f3wnie\u017c znale\u017a\u0107 mieszkanie w okolicy, kt\u00f3re spe\u0142ni Twoje kryteria i pozwoli Ci spokojnie zamieszka\u0107 [&hellip;]<\/p>\n","protected":false},"author":1,"featured_media":0,"parent":0,"menu_order":0,"comment_status":"closed","ping_status":"closed","template":"elementor_header_footer","meta":{"footnotes":""},"class_list":["post-2306","page","type-page","status-publish","hentry"],"_links":{"self":[{"href":"https:\/\/v-investpartner.pl\/index.php\/wp-json\/wp\/v2\/pages\/2306","targetHints":{"allow":["GET"]}}],"collection":[{"href":"https:\/\/v-investpartner.pl\/index.php\/wp-json\/wp\/v2\/pages"}],"about":[{"href":"https:\/\/v-investpartner.pl\/index.php\/wp-json\/wp\/v2\/types\/page"}],"author":[{"embeddable":true,"href":"https:\/\/v-investpartner.pl\/index.php\/wp-json\/wp\/v2\/users\/1"}],"replies":[{"embeddable":true,"href":"https:\/\/v-investpartner.pl\/index.php\/wp-json\/wp\/v2\/comments?post=2306"}],"version-history":[{"count":10,"href":"https:\/\/v-investpartner.pl\/index.php\/wp-json\/wp\/v2\/pages\/2306\/revisions"}],"predecessor-version":[{"id":2367,"href":"https:\/\/v-investpartner.pl\/index.php\/wp-json\/wp\/v2\/pages\/2306\/revisions\/2367"}],"wp:attachment":[{"href":"https:\/\/v-investpartner.pl\/index.php\/wp-json\/wp\/v2\/media?parent=2306"}],"curies":[{"name":"wp","href":"https:\/\/api.w.org\/{rel}","templated":true}]}}